*h**2 + 114*h - 68. Determine m(-29).
-10
Let x(t) = t**3 - 18*t**2 + 72*t + 6. Give x(12).
6
Let w(u) = -2*u**2 - 67*u + 8. Determine w(-30).
218
Let o(g) = g**3 - 97*g**2 - 212*g + 1386. Give o(99).
0
Let z(h) = h**3 + 213*h**2 - 219*h - 1091. Calculate z(-214).
-21
Let t(y) = -y - 26. What is t(35)?
-61
Let i(f) = -f**3 + 6*f**2 - 19*f + 113. Determine i(6).
-1
Let y(z) = 859*z + 60993. Calculate y(-71).
4
Let i(r) = r**3 - 5*r**2 - 20*r - 124. Give i(9).
20
Let q(j) = 12*j**3 + 5*j**2 + 6*j - 3. Calculate q(-2).
-91
Let j(w) = w**3 + 32*w**2 + 80*w + 106. Determine j(-30).
-494
Let t(v) = 2*v**2 + 4*v - 20. Calculate t(-10).
140
Let s(k) = -k**3 + 63*k**2 - 63*k + 47. Calculate s(62).
-15
Let v(l) = l**3 - 28*l**2 - 39*l + 290. Determine v(29).
0
Let v(p) = 157*p + 121. Calculate v(0).
121
Let t(s) = 112*s + 844. What is t(-7)?
60
Let r(l) = -l**2 - l - 61. Give r(-10).
-151
Let p(m) = -m**2 + 723*m + 5129. Calculate p(-7).
19
Let b(a) = -131*a - 1571. Calculate b(-12).
1
Let d(c) = -41*c - 382. Calculate d(-9).
-13
Let n(u) = -u**3 - 153*u**2 - 4*u - 608. Determine n(-153).
4
Let h(s) = -383*s + 1898. Determine h(5).
-17
Let p(n) = -2*n**2 + 49*n - 2. Determine p(7).
243
Let o(i) = 2*i**2 + 28*i + 29. Calculate o(-15).
59
Let i(u) = 417*u - 46699. Give i(112).
5
Let k(x) = 2*x**2 - 545*x + 16037. Give k(239).
24
Let j(t) = t**2 + 63*t + 967. Determine j(-34).
-19
Let t(n) = -203*n - 10. Determine t(-1).
193
Let k(f) = -41*f**3 + 3*f**2 + 14*f - 16. Give k(1).
-40
Let g(m) = -264*m + 270. Determine g(1).
6
Let w(y) = -2*y + 26. Determine w(9).
8
Let b(d) = 4*d**2 + 28*d - 127. What is b(-10)?
-7
Let h(j) = 28*j**2 + 75*j - 176. What is h(2)?
86
Let p(l) = l**3 + 6*l**2 + 9*l + 23. Calculate p(-6).
-31
Let c(m) = m**2 - 92*m + 265. Give c(3).
-2
Let q(n) = 2*n**3 - 6*n**2 + 13*n - 17. Calculate q(3).
22
Let j(f) = -f**2 - 25*f + 746. What is j(18)?
-28
Let k(o) = -160*o - 4. Calculate k(1).
-164
Let l(n) = n**3 + 4*n**2 - 4*n + 8. What is l(-6)?
-40
Let w(j) = -j**2 + 100*j + 364. Give w(104).
-52
Let i(r) = r**3 + 5*r**2 + 13*r + 233. Calculate i(-10).
-397
Let t(u) = 4547*u + 13643. What is t(-3)?
2
Let x(v) = v**3 - 10*v**2 + 25*v. Calculate x(10).
250
Let o(l) = l**3 - 4*l**2 - 25*l - 187. Determine o(9).
-7
Let z(o) = 3652*o**2 + 21911*o - 3. Determine z(-6).
3
Let w(g) = 215*g - 29641. Give w(138).
29
Let q(g) = -838*g + 21777. Calculate q(26).
-11
Let g(d) = -d**2 + 1248*d - 4982. Calculate g(4).
-6
Let i(h) = 3*h + 54. Give i(-22).
-12
Let y(d) = 49*d + 189. Determine y(-5).
-56
Let s(l) = l**2 + 62*l + 269. What is s(-4)?
37
Let y(z) = -18*z + 2017. Give y(56).
1009
Let j(g) = g**3 - 13*g**2 - 154*g - 296. Calculate j(21).
-2
Let n(c) = 2*c**3 - 10*c**2 - 256*c - 38. What is n(-9)?
-2
Let a(l) = l**3 - 22*l**2 - 590*l + 268. Determine a(-16).
-20
Let l(o) = -3*o**3 - 4*o**2 + 50*o - 3. Give l(-5).
22
Let t(l) = -2*l**3 - 3*l**2 - 3*l + 9. Give t(-2).
19
Let h(z) = 482*z - 2827. Determine h(6).
65
Let t(w) = w**2 - 67*w + 880. What is t(49)?
-2
Let z(s) = 25*s**2 + 216*s - 838. Calculate z(4).
426
Let n(y) = -y**2 - 10*y + 122. Determine n(-17).
3
Let m(x) = -1765*x - 3523. Determine m(-2).
7
Let w(x) = -6*x**2 - 60*x - 127. Determine w(-7).
-1
Let q(g) = -6*g**2 - 75*g + 593. Calculate q(8).
-391
Let o(b) = 569*b - 1682. Give o(3).
25
Let p(q) = -q**2 + 115*q - 3288. Give p(63).
-12
Let z(q) = -49*q + 2402. Give z(49).
1
Let u(q) = -q**3 - 64*q**2 + 255*q - 1141. What is u(-68)?
15
Let v(b) = -5889*b - 41228. Determine v(-7).
-5
Let y(n) = 4*n**3 - 23*n**2 - 17*n + 44. What is y(6)?
-22
Let p(r) = 13*r - 698. Give p(25).
-373
Let x(v) = 4*v**2 - 361*v + 1058. Determine x(3).
11
Let c(m) = m**3 + 43*m**2 + 308*m + 37. Give c(-9).
19
Let c(d) = -44*d**3 + 5*d + 4. Determine c(-1).
43
Let h(c) = -c**2 - 232*c + 950. Determine h(4).
6
Let n(z) = -4*z**2 + 29*z + 21. Give n(6).
51
Let k(o) = 4198*o + 46196. Give k(-11).
18
Let z(l) = 14*l + 2334. Calculate z(-166).
10
Let b(p) = 3*p**2 - 26*p + 217. What is b(7)?
182
Let k(r) = r**2 + 17*r - 207. Calculate k(-24).
-39
Let m(z) = 69*z - 570. Calculate m(9).
51
Let g(r) = r**2 - 60*r + 144. Give g(56).
-80
Let n(z) = z**2 - 21*z + 82. Give n(4).
14
Let o(f) = -f**2 - 856*f + 7776. Determine o(9).
-9
Let f(h) = -h**3 + 24*h**2 - 165*h - 4. Give f(13).
-290
Let y(z) = z**2 - 31*z + 235. Give y(9).
37
Let d(h) = 288*h - 21594. What is d(75)?
6
Let x(w) = 2*w**2 - 33*w + 13. Calculate x(15).
-32
Let m(u) = 7*u**3 + 339*u**2 + 142*u - 86. Calculate m(-48).
10
Let i(m) = -14*m + 798. Calculate i(49).
112
Let s(x) = -10*x**2 - 100*x - 88. Determine s(-9).
2
Let a(w) = 190*w - 5649. Determine a(28).
-329
Let j(z) = 6*z**2 + 139*z + 745. What is j(-15)?
10
Let a(f) = 13*f**2 + 77*f - 7. What is a(-6)?
-1
Let w(l) = -141*l**3 + 5*l**2 - 4*l. Calculate w(1).
-140
Let d(j) = j**2 + 334*j + 2594. Calculate d(-8).
-14
Let q(x) = -x**2 + 20*x + 71. Calculate q(-4).
-25
Let y(u) = -8*u**2 + 48*u + 56. Determine y(7).
0
Let u(k) = -k**3 - 60*k**2 + 176*k - 5114. Calculate u(-64).
6
Let d(w) = -3*w**2 + 249*w - 261. Determine d(82).
-15
Let n(t) = -t**2 + 12*t + 47. Give n(-5).
-38
Let o(m) = -49*m - 1472. Give o(-30).
-2
Let m(x) = 6652*x + 33250. Calculate m(-5).
-10
Let i(b) = b**2 - 244*b - 26327. Calculate i(-81).
-2
Let o(g) = -g**3 - 5*g**2 - 10*g - 64. Determine o(-5).
-14
Let h(l) = -167*l**3 + 835*l**2 - 10*l + 46. Give h(5).
-4
Let g(h) = -208*h**2 - 403*h + 16. Give g(-2).
-10
Let v(n) = 5*n**2 - 18*n - 82. Calculate v(-5).
133
Let s(k) = 9*k + 189. Determine s(-49).
-252
Let y(h) = -187*h + 14581. Determine y(78).
-5
Let s(x) = -x**3 - 11*x**2 - 19*x - 131. Give s(-10).
-41
Let c(a) = -a**2 - 9*a + 18. Determine c(-6).
36
Let n(c) = 35*c - 175. Give n(11).
210
Let f(q) = -1958*q + 13678. What is f(7)?
-28
Let z(r) = -r**3 - 280*r**2 - 37*r - 10353. Calculate z(-280).
7
Let y(z) = -10*z + 380. Determine y(34).
40
Let p(y) = -2*y**2 - 32*y - 228. Give p(-8).
-100
Let m(j) = j**3 + 68*j**2 - 86*j - 1212. Calculate m(-69).
-39
Let i(g) = 63*g - 2258. Determine i(37).
73
Let w(z) = 9*z**2 - 102*z + 343. What is w(4)?
79
Let m(a) = -46*a + 6259. Determine m(136).
3
Let b(l) = l**3 - 120*l**2 + 100*l + 2233. What is b(119)?
-28
Let y(x) = 231*x**3 - 2*x - 1. Calculate y(-1).
-230
Let t(a) = -a**2 + 163*a - 2477. Give t(17).
5
Let c(d) = -167*d + 1515. What is c(9)?
12
Let m(g) = -g**2 - 70*g + 1010. Give m(-82).
26
Let a(t) = -36*t**2 - 319*t - 32. Determine a(-8).
216
Let k(x) = -x**3 + 13*x**2 - 51*x + 681. What is k(13)?
18
Let z(d) = -4*d**2 - 76*d + 102. Give z(-20).
22
Let z(i) = 1843*i - 25808. What is z(14)?
-6
Let p(s) = -s**3 + 12*s**2 + 9*s - 53. Give p(12).
55
Let g(h) = 2*h**2 + 4*h + 23. Determine g(8).
183
Let a(k) = k**2 + 1030*k - 5178. Give a(5).
-3
Let x(z) = -z**3 + 25*z**2 - 59*z - 107. What is x(22)?
47
Let l(b) = -12*b**2 + 118*b - 6. What is l(10)?
-26
Let s(m) = 6*m**3 - 28*m**2 - 18*m + 41. What is s(4)?
-95
Let g(k) = -k**3 + 28*k**2 + 41*k - 395. Calculate g(29).
-47
Let v(b) = 504*b + 1475. Determine v(-3).
-37
Let n(y) = -3*y**2 + 11*y + 23. Calculate n(10).
-167
Let d(c) = -79*c**3 + 15*c**2 + 6*c - 1. Calculate d(1).
-59
Let z(t) = 3*t**2 - 23*t + 29. What is z(7)?
15
Let o(g) = 6*g**2 - 36*g - 13. What is o(6)?
-13
Let z(a) = 8*a - 61. Calculate z(10).
19
Let m(o) = -o**3 - 18*o**2 + 7*o - 158. Calculate m(-19).
70
Let n(m) = m**3 + 55*m**2 + 485*m - 80. What is n(-44)?
-124
Let c(z) = -4*z**3 + 39*z**2 + 26*z - 113. Give c(10).
47
Let t(x) = 9*x**3 - 61*x**2 - 13*x - 12. What is t(7)?
-5
Let j(x) = x**3 + 85*x**2 + 239*x - 552. Determine j(-82).
22
Let z(f) = -f**2 + 341. Give z(21).
-100
Let p(m) = m**3 + 14*m**2 + 28*m + 40. Calculate p(-12).
-8
Let w(i) = -14*i**2 + 142*i - 16. Determine w(13).
-536
Let k(h) = -2*h**3 + 13*h**2 + 15*h - 52. Give k(7).
4
Let r(x) = x**2 - 165*x + 1850. Calculate r(12).
14
Let d(k) = -5*k - 80. What is d(-8)?
-40
Let p(d) = d**3 - 12*d**2 - 411*d - 664. What is p(-14)?
-6
Let j(b) = b**2 + 7*b - 359. Give j(-23).
9
Let y(l) = -309*l - 6093. Calculate y(-20).
87
Let o(p) = -110*p + 367. What is o(5)?
-183
Let j(m) = m**2 + 78*m + 1422. Give j(-46).
-50
Let m(h) = -h**3 - 56*h**2 + 114*h - 115. Give m(-58).
1
Let k(h) = h**3 - 46